{"id":106,"date":"2023-05-02T15:36:56","date_gmt":"2023-05-02T15:36:56","guid":{"rendered":"https:\/\/regiontchologo.ci\/?page_id=106"},"modified":"2023-05-03T21:31:02","modified_gmt":"2023-05-03T21:31:02","slug":"ressources","status":"publish","type":"page","link":"https:\/\/regiontchologo.ci\/index.php\/ressources\/","title":{"rendered":"Ressources"},"content":{"rendered":"\n<h2 class=\"wp-block-heading\">Animales et Halieutiques<\/h2>\n\n\n\n<p>L&rsquo;\u00e9levage est pratiqu\u00e9 de mani\u00e8re traditionnelle tant au niveau de la production bovine, caprine, porcine et avicole. <\/p>\n\n\n\n<p>La p\u00eache et la pisciculture sont en voie de d\u00e9veloppement.<\/p>\n\n\n\n<p>On enregistre n\u00e9anmoins en terme de production :<\/p>\n\n\n\n<ul class=\"wp-block-list\">\n<li><strong><em>B\u00e9tail-viande: 46 808 t\u00eates<\/em><\/strong><\/li>\n\n\n\n<li><strong><em>Petit ruminants (Ovins et Caprins): 30 000 t\u00eates<\/em><\/strong><\/li>\n\n\n\n<li><strong><em>Porcs: tr\u00e8s faible production avec environs 5 000 t\u00eates<\/em><\/strong><\/li>\n\n\n\n<li><strong><em>P\u00eache-Aquaculture: 40 tonnes<\/em><\/strong><\/li>\n\n\n\n<li><strong><em>Aviculture: environs 90 000 tec<\/em><\/strong><\/li>\n\n\n\n<li><strong><em>119 barrages agropastoraux<\/em><\/strong><\/li>\n\n\n\n<li><strong><em>02 barrages hydroagricoles<\/em><\/strong> <\/li>\n\n\n\n<li><strong><em>42 barrages priv\u00e9s communautaires<\/em><\/strong><\/li>\n\n\n\n<li><strong><em>Existence de march\u00e9s de consommation dans chacun des trois (3) d\u00e9partements<\/em><\/strong><\/li>\n<\/ul>\n\n\n\n<h2 class=\"wp-block-heading\">Activit\u00e9s mini\u00e8res<\/h2>\n\n\n\n<p>Depuis l\u2019adoption d\u2019un nouveau Code minier plus attractif en 2014, les activit\u00e9s mini\u00e8res connaissent un dynamisme sans pr\u00e9c\u00e9dent sur l\u2019ensemble du terroir ivoirien.<\/p>\n\n\n\n<p>La r\u00e9gion du Tchologo n\u2019est pas en reste de ce regain des activit\u00e9s dans le secteur minier.<\/p>\n\n\n\n<p>Ainsi, au niveau de la recherche, sept (07) permis de recherche mini\u00e8re (PR) ont \u00e9t\u00e9 accord\u00e9s, dont quatre (4) dans le D\u00e9partement de Ouangolo et trois (3) dans le D\u00e9partement de Ferk\u00e9.<\/p>\n\n\n\n<p>On note que l\u2019or est la seule substance recherch\u00e9e \u00e0 ce jour (voir tableau)&nbsp;:<\/p>\n\n\n\n<p>Au niveau de l\u2019exploitation, les activit\u00e9s sont domin\u00e9es par l\u2019exploitation industrielle d\u2019une mine d\u2019or par la soci\u00e9t\u00e9 <strong>Tongon<\/strong><strong> SA<\/strong>. Cette activit\u00e9 a \u00e9t\u00e9 autoris\u00e9e par le D\u00e9cret <strong>N\u00b0 2010-193 du 01 juillet 2010<\/strong>, renouvel\u00e9 par l\u2019arr\u00eat\u00e9 <strong>N\u00b0136\/MMPE\/DGMG du 12 juillet 2021<\/strong> pour une dur\u00e9e suppl\u00e9mentaire de dix (10) ans.<\/p>\n\n\n\n<p>Il faut \u00e9galement noter que sept (07) mines artisanales d\u2019or ont \u00e9t\u00e9 autoris\u00e9es dans le D\u00e9partement de Kong (Nafana, Bilimono et Sikolo). Aussi, des demandes sont-elles en cours en vue de l\u2019exploitation \u00e0 petite \u00e9chelle du minerai de mangan\u00e8se dans la zone de Bilimono (Kong).<\/p>\n\n\n\n<p>En ce qui concerne les mat\u00e9riaux de construction (sable, graveleux et gravier), leur exploitation se fait \u00e0 ce jour de mani\u00e8re rudimentaire et informelle. Cependant, dans la perspective de r\u00e9pondre aux besoins en mat\u00e9riaux de construction du projet de r\u00e9alisation du port sec de Ferk\u00e9, des demandes ont \u00e9t\u00e9 introduites pour l\u2019ouverture prochaine de carri\u00e8res industrielles desdits mat\u00e9riaux.<\/p>\n\n\n\n<p> <\/p>\n\n\n\n<figure class=\"wp-block-image size-large is-resized\"><img loading=\"lazy\" decoding=\"async\" src=\"https:\/\/regiontchologo.ci\/wp-content\/uploads\/2023\/05\/Image1-1024x631.png\" alt=\"\" class=\"wp-image-109\" width=\"359\" height=\"221\" srcset=\"https:\/\/regiontchologo.ci\/wp-content\/uploads\/2023\/05\/Image1-1024x631.png 1024w, https:\/\/regiontchologo.ci\/wp-content\/uploads\/2023\/05\/Image1-300x185.png 300w, https:\/\/regiontchologo.ci\/wp-content\/uploads\/2023\/05\/Image1-768x473.png 768w, https:\/\/regiontchologo.ci\/wp-content\/uploads\/2023\/05\/Image1.png 1356w\" sizes=\"auto, (max-width: 359px) 100vw, 359px\" \/><\/figure>\n","protected":false},"excerpt":{"rendered":"<p>Animales et Halieutiques L&rsquo;\u00e9levage est pratiqu\u00e9 de mani\u00e8re traditionnelle tant au niveau de la production<\/p>\n","protected":false},"author":1,"featured_media":0,"parent":0,"menu_order":0,"comment_status":"closed","ping_status":"closed","template":"","meta":{"_monsterinsights_skip_tracking":false,"_monsterinsights_sitenote_active":false,"_monsterinsights_sitenote_note":"","_monsterinsights_sitenote_category":0,"footnotes":""},"class_list":["post-106","page","type-page","status-publish","hentry"],"_links":{"self":[{"href":"https:\/\/regiontchologo.ci\/index.php\/wp-json\/wp\/v2\/pages\/106","targetHints":{"allow":["GET"]}}],"collection":[{"href":"https:\/\/regiontchologo.ci\/index.php\/wp-json\/wp\/v2\/pages"}],"about":[{"href":"https:\/\/regiontchologo.ci\/index.php\/wp-json\/wp\/v2\/types\/page"}],"author":[{"embeddable":true,"href":"https:\/\/regiontchologo.ci\/index.php\/wp-json\/wp\/v2\/users\/1"}],"replies":[{"embeddable":true,"href":"https:\/\/regiontchologo.ci\/index.php\/wp-json\/wp\/v2\/comments?post=106"}],"version-history":[{"count":8,"href":"https:\/\/regiontchologo.ci\/index.php\/wp-json\/wp\/v2\/pages\/106\/revisions"}],"predecessor-version":[{"id":152,"href":"https:\/\/regiontchologo.ci\/index.php\/wp-json\/wp\/v2\/pages\/106\/revisions\/152"}],"wp:attachment":[{"href":"https:\/\/regiontchologo.ci\/index.php\/wp-json\/wp\/v2\/media?parent=106"}],"curies":[{"name":"wp","href":"https:\/\/api.w.org\/{rel}","templated":true}]}}