{"id":123,"date":"2023-05-02T17:10:06","date_gmt":"2023-05-02T17:10:06","guid":{"rendered":"https:\/\/regiontchologo.ci\/?page_id=123"},"modified":"2023-05-02T17:42:58","modified_gmt":"2023-05-02T17:42:58","slug":"perspective","status":"publish","type":"page","link":"https:\/\/regiontchologo.ci\/index.php\/perspective\/","title":{"rendered":"Perspective"},"content":{"rendered":"\n<p>Les projets structurants en cours:<\/p>\n\n\n\n<ul class=\"wp-block-list\">\n<li><em>Palais de Justice<\/em><\/li>\n\n\n\n<li><em>March\u00e9 de gros<\/em><\/li>\n\n\n\n<li><em>Port sec<\/em><\/li>\n\n\n\n<li><em>Zone \u00e9conomique-industrielle<\/em><\/li>\n\n\n\n<li><em>CHR<\/em><\/li>\n\n\n\n<li><em>Unit\u00e9s de transformation des produits vivriers, fondent notre espoir de transformer la r\u00e9gion du Tchologo en un p\u00f4le \u00e9conomique dynamique, int\u00e9grant la vision du Pr\u00e9sident de la R\u00e9publique, <strong>S.E Monsieur Alassane OUATTARA<\/strong> de faire de la C\u00f4te d&rsquo;Ivoire un pays \u00e9mergent.<\/em><\/li>\n<\/ul>\n","protected":false},"excerpt":{"rendered":"<p>Les projets structurants en cours:<\/p>\n","protected":false},"author":1,"featured_media":0,"parent":0,"menu_order":0,"comment_status":"closed","ping_status":"closed","template":"","meta":{"_monsterinsights_skip_tracking":false,"_monsterinsights_sitenote_active":false,"_monsterinsights_sitenote_note":"","_monsterinsights_sitenote_category":0,"footnotes":""},"class_list":["post-123","page","type-page","status-publish","hentry"],"_links":{"self":[{"href":"https:\/\/regiontchologo.ci\/index.php\/wp-json\/wp\/v2\/pages\/123","targetHints":{"allow":["GET"]}}],"collection":[{"href":"https:\/\/regiontchologo.ci\/index.php\/wp-json\/wp\/v2\/pages"}],"about":[{"href":"https:\/\/regiontchologo.ci\/index.php\/wp-json\/wp\/v2\/types\/page"}],"author":[{"embeddable":true,"href":"https:\/\/regiontchologo.ci\/index.php\/wp-json\/wp\/v2\/users\/1"}],"replies":[{"embeddable":true,"href":"https:\/\/regiontchologo.ci\/index.php\/wp-json\/wp\/v2\/comments?post=123"}],"version-history":[{"count":2,"href":"https:\/\/regiontchologo.ci\/index.php\/wp-json\/wp\/v2\/pages\/123\/revisions"}],"predecessor-version":[{"id":135,"href":"https:\/\/regiontchologo.ci\/index.php\/wp-json\/wp\/v2\/pages\/123\/revisions\/135"}],"wp:attachment":[{"href":"https:\/\/regiontchologo.ci\/index.php\/wp-json\/wp\/v2\/media?parent=123"}],"curies":[{"name":"wp","href":"https:\/\/api.w.org\/{rel}","templated":true}]}}